f + 6. Let m(t) = h*n(t) + 17*k(t). What are the prime factors of m(-4)?
2, 3
Suppose 0 = 3*n - 97 - 89. Let g = n + -31. What are the prime factors of g?
31
Suppose -19*p = -1890 - 2974. List the prime factors of p.
2
Suppose 0*l + 3*w = 5*l + 1, -3*w = 4*l - 10. Suppose -3 = -v - l. Let j(z) = 4*z**2 - z - 2. What are the prime factors of j(v)?
2, 3
Let g(i) = i**2. Let y be g(-2). Suppose -4*q + 8 = -5*k, y = 5*q + 5*k - 6. What are the prime factors of q?
2
Suppose 0 = 5*d - 2*h + 121 - 502, 5*d - 387 = -h. List the prime factors of d.
7, 11
Suppose -3*z = -8*z + 40. What are the prime factors of z?
2
Let y = -15 - -12. What are the prime factors of (-470)/(-15) - (-1)/y?
31
Suppose -y + 0*f + f + 48 = 0, -208 = -5*y - 3*f. What are the prime factors of y?
2, 11
Suppose 3*a - 5*i = 366, -5*a + a + 2*i + 474 = 0. List the prime factors of a.
3, 13
Suppose 0 = -y + j + 11, -3*y + 46 = -4*j + 11. List the prime factors of y.
3
Suppose k - 5*h = -3*k + 3, 0 = -2*k - 5*h + 9. Suppose 1 + 3 = w. Suppose -4*b + k*b - 3*c + 33 = 0, -68 = -w*b - 4*c. List the prime factors of b.
2, 3
Let r(b) = 10*b + 40. List the prime factors of r(10).
2, 5, 7
Let p(t) = 3*t**2 - 4*t - 9. List the prime factors of p(5).
2, 23
List the prime factors of 590/6 + 18/27.
3, 11
Let m(q) be the third derivative of 17*q**5/60 + q**4/12 - q**3/3 - 10*q**2. What are the prime factors of m(1)?
17
Let x(v) = v**2 + 8*v + 4. Let g be x(-8). Suppose -3 = -3*r, -o = -5*o - g*r + 12. Suppose -l = -7 - o. List the prime factors of l.
3
Suppose 2*h + 4*c - 300 = 0, -2*c - 142 + 4 = -h. Suppose 2*p - h = -2*p. What are the prime factors of p?
2, 3
Let z(k) = k**2 + 9*k - 6. Suppose -2*f = -3*t, 0*t - t + 2*f = 4. Suppose t + 53 = -5*o. What are the prime factors of z(o)?
2
Suppose 2*v + 24 = 4*i, 2*i - 4*v - 23 = -i. Suppose -2*p - g - 4*g - 2 = 0, -3*g = 5*p + i. What are the prime factors of (-14)/2*1/p?
7
Let f(w) = 4*w. Let p be f(2). Let o = p - -14. What are the prime factors of o?
2, 11
Let n = -11 - 0. Let y(x) = -2*x - 12. List the prime factors of y(n).
2, 5
Let a(h) = -h**2 + 6*h - 9. Let x be a(5). Suppose 3*j = -0*j + 18. What are the prime factors of (x/j)/(4/(-78))?
13
Suppose -2*c = -9 + 3. Let x(g) = g**3 - 4*g**2 + 4*g. List the prime factors of x(c).
3
Let a(j) = -j**2 + 12*j + 3. What are the prime factors of a(9)?
2, 3, 5
Let u(z) = z**2 + z + 1. Let x be u(-2). Let g be ((-1)/x)/((-3)/99). Let d = -7 + g. List the prime factors of d.
2
Suppose 0 = -0*h - 4*h. Suppose -4*i + 34 + 130 = h. What are the prime factors of i?
41
Let h(c) = 7*c - 13. List the prime factors of h(6).
29
Let j(l) = l**2 + 14*l + 13. Let b be j(-13). Let o = b + 8. List the prime factors of o.
2
Suppose 2*g - 57 = -5*m, -4*m - 44 = -0*g - 4*g. What are the prime factors of g?
2
List the prime factors of 3/((-9)/(-66))*1.
2, 11
Suppose 39*r - 34*r = 735. What are the prime factors of r?
3, 7
Let o(j) be the first derivative of -j**2/2 + 10*j + 1. Let f be o(8). Suppose -42 = -4*v + 3*m, f*v - 5*v - 4*m + 19 = 0. List the prime factors of v.
3
Let m = 25 - 8. Suppose 15 = 2*b - 0*b - 3*u, -3*b - u = -m. What are the prime factors of b?
2, 3
Suppose -5*x + 78 + 162 = 0. Suppose 0 = -0*i - 4*i + 4, -2*i - x = -2*r. Suppose 5*w = 4*s + 39, 3*s = -3*w - w + r. List the prime factors of w.
7
Let m be (-1 - -13)*1/2. Suppose k = 5*l - 7 + 14, -m = -4*k - 2*l. Suppose 2*t = -p - 0*t + 15, 15 = -k*p + 5*t. List the prime factors of p.
5
What are the prime factors of ((-147)/7)/(-7) - (-104 + 1)?
2, 53
Let h = -13 + 7. What are the prime factors of 1/(-3) - 32/h?
5
Let j(o) = -o**2 + o - 3. Let s be j(3). Let r(k) = -10*k**2 - 3*k - k**3 - 6*k + 6 + 5. What are the prime factors of r(s)?
11
Let b = -22 + 51. List the prime factors of b.
29
Suppose 0 = -5*u + 4*f - 85, -2*u - 3*u - f - 110 = 0. Suppose 17 - 3 = -2*p. List the prime factors of 10/p*u/3.
2, 5
Let h be (0 - 28 - -2)/(-1). Suppose -u = u - h. List the prime factors of u.
13
Let x(c) = 2*c**2 - 6*c + 30. List the prime factors of x(8).
2, 5, 11
Let r(p) = p**3 + 8*p**2 + 7*p + 2. Let j be r(-7). Suppose i = -7*v + j*v + 27, -i = v - 3. Let z(d) = 3*d - 8. What are the prime factors of z(v)?
2, 5
Let b = -16 + 16. Suppose -9 = g - 5*o + o, -5*g - 3*o + 47 = b. List the prime factors of g.
7
Let d = -54 - -114. Suppose 6*l - d = 4*l. List the prime factors of l.
2, 3, 5
List the prime factors of ((-87)/(-9))/(3/9).
29
Let r(j) = -3*j - 4. Let q be ((-2)/2)/((-4)/(-20)). What are the prime factors of r(q)?
11
List the prime factors of ((-38)/(-4))/(3/6).
19
Suppose 3*c + c - 140 = 0. List the prime factors of c.
5, 7
Suppose 4*c - 65 - 11 = 0. What are the prime factors of c?
19
Let v(z) = z**3 + 2*z**2 - z. Let r be v(-3). Let w be 6/4 + 21/r. What are the prime factors of -6*(w + 0/(-3))?
2, 3
Let a = 9 - -16. What are the prime factors of a?
5
Suppose 9*x = 5*x. Let i = 39 + x. List the prime factors of i.
3, 13
Let s(x) be the first derivative of -x**3/3 + 3*x**2/2 + 2*x - 3. List the prime factors of s(2).
2
Suppose 2*o = -4*o + 180. What are the prime factors of o?
2, 3, 5
Let c(o) = 8*o**2 - 3*o + 4. What are the prime factors of c(-4)?
2, 3
Let j(a) = -5*a**2 + a - 2. Let t be j(2). Let f be 86/(-10) + 8/t. List the prime factors of (-15)/f*(-1 - -4).
5
Suppose 0*w + 14 = -w. Suppose -4*f + 18 - 6 = 0. What are the prime factors of 2 - f - (w + 0)?
13
Let s = -96 + 133. List the prime factors of s.
37
Suppose -5*n + 105 - 420 = 0. Let l = -41 - n. What are the prime factors of l?
2, 11
Let w(v) = v**2 - 3*v - 2. What are the prime factors of w(-8)?
2, 43
Suppose -2*q - 25 = -3*q - 4*s, -4*s = 4*q - 40. Let u = 48 - 43. Suppose -4*x + 35 = q*n, u*n - 3*x - 35 = -x. List the prime factors of n.
7
Suppose 6*b - 10*b + 16 = 0. Suppose -5*h - 102 = -2*v, -5*v + 1 = -b*h - 237. List the prime factors of v.
2, 23
Let t(k) = -k**2 + k - 13. Let d be t(0). Suppose 2*z + 3*c - 2 = -6, 4*z + 36 = c. Let r = z - d. List the prime factors of r.
5
Let y(t) = 1 + t + 2 + 1. Let v be y(-10). List the prime factors of -2 - v*10/4.
13
Suppose -11 = -3*i - 2. Suppose -i*r + 17 = -25. What are the prime factors of r?
2, 7
Suppose -2*c = 2*c - 8. Let v(r) = 2*r + 4*r - r - r**c. List the prime factors of v(4).
2
Let c = -18 + 19. Suppose -3*u + 7 = -2*u. Suppose u - c = i. List the prime factors of i.
2, 3
Let f = 25 - 9. What are the prime factors of 206/14 - f/(-56)?
3, 5
What are the prime factors of ((-6)/24)/((-3)/372)?
31
Let c(z) = z**2 + 5*z. Let v be c(-5). Suppose -n = -3*n + 3*q + 23, -3*n + 2*q + 47 = v. List the prime factors of n.
19
Suppose -3*o + 2*w - 18 = 0, -w = -4*o + 2*o - 11. Let j = o - -9. What are the prime factors of j?
5
Let y be 3/(-2)*(-32)/24. What are the prime factors of (-352)/(-12) - y/6?
29
List the prime factors of (-2)/(-1) + (9 - -64).
3, 5
Let w = 51 + -13. What are the prime factors of w?
2, 19
Let f(l) = 2*l. Let c be (3/9)/((-1)/(-18)). List the prime factors of f(c).
2, 3
Suppose 0 = -0*y - 3*y + 6. Suppose -y*d + d = 5*m - 51, -d = m - 47. List the prime factors of d.
2, 23
Let p = 80 + -6. What are the prime factors of p?
2, 37
Let n be (2/8)/(1/4). Let z be -1*(n - 3) + 0. Let b = z + 8. What are the prime factors of b?
2, 5
Suppose 3*b = 4*b - 27. Suppose 2*j + b = 99. What are the prime factors of j?
2, 3
Suppose 6*c = 13*c - 182. What are the prime factors of c?
2, 13
Suppose 0*f + 2*f = 8. Suppose -j - 1 = -f. List the prime factors of j.
3
Suppose q = -0 + 5. Suppose -2*d + 4*z = -6, -4*d + 12 = -0*d + q*z. List the prime factors of d.
3
Let j = -7 - -9. Suppose j*k + 3*z - 25 = 0, -z - 3*z = 2*k - 26. What are the prime factors of k?
11
Let k = -11 - 4. Let b be (k/(-5))/(2/2). Suppose -5*o = 4*h - 55, -7*o + 5*h = -b*o - 85. List the prime factors of o.
3, 5
Let p = 12 - 12. Suppose 0 = 3*f + 3*d - 8 - 4, p = d + 5. List the prime factors of f.
3
Let y(g) = -8*g**3 + 7*g**3 + 3*g + 7*g**2 - 14 + 3*g**2. List the prime factors of y(10).
2
Let l(x) = -x**2 + 3*x - 4. Let j be l(4). What are the prime factors of 4 + 1 - (j + 5)?
2
Let u = 225 - 162. List the prime factors of u.
3, 7
Let m(d) = -d**3 - 3*d**2 - 4*d - 6. What are the prime factors of m(-4)?
2, 13
Let z = -1 - -4. Suppose u + 2*r - 2 =